nd 100144.
88
Calculate the highest common divisor of 18 and 487494.
18
What is the highest common factor of 21 and 1890?
21
What is the greatest common divisor of 106 and 385469?
53
Calculate the highest common factor of 15825 and 175.
25
What is the highest common factor of 1480 and 5550?
370
What is the highest common factor of 195875 and 1500?
125
Calculate the highest common divisor of 120 and 1753515.
15
Calculate the highest common factor of 59705 and 5.
5
What is the greatest common factor of 86388 and 460?
92
What is the greatest common divisor of 52278 and 12?
6
Calculate the greatest common factor of 137718 and 9.
9
What is the highest common divisor of 66096 and 1700?
68
What is the greatest common divisor of 70 and 32410?
70
What is the greatest common factor of 3892 and 61021?
139
Calculate the highest common factor of 86 and 2371321.
43
What is the highest common factor of 55 and 9955?
55
What is the greatest common divisor of 117 and 2080?
13
What is the highest common factor of 4496 and 80?
16
What is the highest common factor of 4914 and 338?
26
Calculate the highest common divisor of 237102 and 258.
258
What is the highest common factor of 4131 and 111078?
459
Calculate the greatest common factor of 1272485 and 3925.
785
What is the greatest common divisor of 19775 and 8300?
25
Calculate the highest common factor of 4388733 and 9.
9
What is the greatest common divisor of 1370848 and 32?
32
Calculate the greatest common factor of 43830 and 405.
45
What is the greatest common divisor of 612 and 20874?
6
Calculate the highest common factor of 52 and 74334.
26
Calculate the greatest common divisor of 1100 and 106040.
220
Calculate the greatest common factor of 590 and 35290.
10
Calculate the greatest common factor of 4 and 9389.
1
Calculate the greatest common divisor of 44655 and 14656.
229
Calculate the greatest common factor of 99 and 1984719.
33
What is the greatest common factor of 1947000 and 375?
375
What is the highest common factor of 139 and 426591?
139
What is the greatest common divisor of 104 and 396279?
13
What is the greatest common factor of 581224 and 20952?
776
What is the highest common divisor of 2742 and 4140?
6
Calculate the greatest common factor of 320 and 9700.
20
What is the greatest common divisor of 10065 and 1815?
165
What is the highest common divisor of 8844 and 858?
66
Calculate the highest common divisor of 5 and 41155.
5
What is the greatest common divisor of 112 and 4574080?
112
What is the highest common divisor of 29394 and 161?
23
Calculate the greatest common factor of 1598 and 816.
34
Calculate the highest common divisor of 199781 and 29.
29
Calculate the highest common divisor of 258 and 4260.
6
Calculate the highest common factor of 180559 and 309.
103
What is the highest common factor of 16290 and 2070?
90
What is the greatest common factor of 574 and 82574?
82
Calculate the highest common factor of 1092 and 28626.
78
Calculate the greatest common factor of 140 and 161260.
20
What is the greatest common factor of 424 and 337080?
424
What is the highest common factor of 300 and 115450?
50
What is the highest common factor of 199675 and 19845?
245
Calculate the greatest common factor of 637 and 388804.
13
Calculate the greatest common divisor of 2608 and 176.
16
What is the highest common divisor of 165 and 21615?
165
Calculate the highest common divisor of 46 and 161506.
46
What is the greatest common divisor of 80 and 126848?
16
Calculate the greatest common divisor of 7660 and 19620.
20
Calculate the highest common divisor of 27105 and 3475.
695
What is the highest common factor of 11805 and 10965?
15
Calculate the highest common divisor of 47 and 94423.
47
Calculate the highest common divisor of 328 and 2032.
8
What is the greatest common factor of 29576 and 16?
8
Calculate the highest common divisor of 2050 and 54694.
82
What is the highest common factor of 16880 and 45?
5
Calculate the highest common divisor of 7 and 110649.
7
What is the greatest common factor of 300 and 1447500?
300
What is the greatest common divisor of 259127 and 77?
11
Calculate the greatest common factor of 32756 and 152.
76
Calculate the greatest common factor of 105591 and 183.
183
What is the greatest common divisor of 1773 and 6579?
9
What is the highest common factor of 104880 and 20?
20
Calculate the highest common factor of 18780 and 420.
60
What is the greatest common factor of 142740 and 183?
183
Calculate the highest common factor of 37 and 870869.
37
What is the greatest common factor of 432 and 46608?
48
Calculate the highest common divisor of 32594 and 1462.
86
Calculate the greatest common factor of 198870 and 490.
70
Calculate the greatest common factor of 971321 and 117.
13
Calculate the highest common divisor of 256 and 372544.
64
What is the highest common divisor of 1835 and 2538539?
367
What is the greatest common divisor of 610636 and 364?
52
Calculate the greatest common factor of 296 and 19018.
74
What is the greatest common divisor of 4473 and 693?
63
Calculate the highest common factor of 8897 and 287.
287
What is the highest common divisor of 74169 and 81?
27
Calculate the highest common factor of 205 and 1428235.
205
Calculate the highest common divisor of 189 and 4781.
7
Calculate the highest common divisor of 65819 and 39923.
1079
Calculate the highest common factor of 289136 and 544.
272
What is the highest common factor of 287544 and 36?
12
What is the greatest common divisor of 1467564 and 12?
12
What is the greatest common divisor of 15 and 371715?
15
Calculate the greatest common divisor of 15858 and 1368.
18
Calculate the greatest common divisor of 161742 and 84.
42
Calculate the highest common divisor of 11051 and 473.
43
What is the highest common divisor of 23643 and 227772?
333
Calculate the greatest common divisor of 66460 and 50.
10
Calculate the highest common factor of 25209 and 36.
9
What is the highest common divisor of 64 and 10288?
16
What is the highest common divisor of 23 and 34201?
23
What is the highest common factor of 7624 and 119125?
953
What is the highest common divisor of 144 and 8685?
9
Calculate the highest common factor of 56248 and 79.
79
Calculate the greatest common divisor of 6919 and 81770.
629
What is the greatest common factor of 11664 and 1536?
48
What is the highest common factor of 45 and 1910?
5
Calculate the highest common divisor of 784 and 64512.
112
What is the highest common factor of 25265 and 310?
155
What is the greatest common factor of 30000 and 432?
48
Calculate the highest common divisor of 452 and 97858.
226
What is the greatest common factor of 111536 and 256?
16
Calculate the greatest common divisor of 5890 and 620.
310
What is the highest common divisor of 13050 and 6?
6
Calculate the greatest common divisor of 11838 and 66.
6
What is the highest common divisor of 9 and 4779?
9
Calculate the greatest common divisor of 52288 and 57.
19
What is the highest common divisor of 104 and 25142?
26
Calculate the highest common factor of 58 and 928.
58
Calculate the greatest common factor of 121 and 4763.
11
Calculate the highest common divisor of 3996 and 19332.
108
Calculate the greatest common divisor of 119 and 415803.
17
Calculate the greatest common factor of 84 and 130956.
84
Calculate the greatest common divisor of 567 and 20736.
81
What is the highest common factor of 13194 and 576?
18
What is the highest common divisor of 35 and 679805?
35
What is the greatest common divisor of 114752 and 288?
32
Calculate the highest common divisor of 3498 and 34026.
318
Calculate the highest common factor of 998 and 1517.
1
Calculate the highest common divisor of 4543 and 95557.
77
What is the greatest common divisor of 481774 and 278?
278
Calculate the highest common divisor of 16 and 12072.
8
What is the highest common divisor of 119 and 267291?
17
Calculate the greatest common divisor of 396131 and 57.
19
What is the highest common factor of 640 and 71296?
128
Calculate the greatest common divisor of 1262 and 5635461.
631
Calculate the highest common factor of 114940 and 455.
35
What is the highest common factor of 1604 and 234986?
802
Calculate the greatest common divisor of 16216 and 176.
8
What is the highest common divisor of 